{"id":2,"date":"2024-10-15T05:44:32","date_gmt":"2024-10-15T03:44:32","guid":{"rendered":"https:\/\/concarneau-saigon.com\/?page_id=2"},"modified":"2024-11-22T11:45:06","modified_gmt":"2024-11-22T10:45:06","slug":"nous","status":"publish","type":"page","link":"https:\/\/concarneau-saigon.com\/?page_id=2","title":{"rendered":"Faisons connaissance"},"content":{"rendered":"\n<div class=\"wp-block-media-text is-stacked-on-mobile is-vertically-aligned-top\"><figure class=\"wp-block-media-text__media\"><img loading=\"lazy\" decoding=\"async\" width=\"768\" height=\"1024\" src=\"https:\/\/concarneau-saigon.com\/wp-content\/uploads\/2024\/10\/pikaso_embed-1-768x1024.png\" alt=\"\" class=\"wp-image-9 size-full\" srcset=\"https:\/\/concarneau-saigon.com\/wp-content\/uploads\/2024\/10\/pikaso_embed-1-768x1024.png 768w, https:\/\/concarneau-saigon.com\/wp-content\/uploads\/2024\/10\/pikaso_embed-1-225x300.png 225w, https:\/\/concarneau-saigon.com\/wp-content\/uploads\/2024\/10\/pikaso_embed-1-1152x1536.png 1152w, https:\/\/concarneau-saigon.com\/wp-content\/uploads\/2024\/10\/pikaso_embed-1-1536x2048.png 1536w, https:\/\/concarneau-saigon.com\/wp-content\/uploads\/2024\/10\/pikaso_embed-1.png 2000w\" sizes=\"auto, (max-width: 768px) 100vw, 768px\" \/><\/figure><div class=\"wp-block-media-text__content\">\n<p>Bonjour,<\/p>\n\n\n\n<p>nous sommes arriv\u00e9s en famille \u00e0 Saigon\/Ho Chi Minh City fin ao\u00fbt avec nos 3 enfants.<\/p>\n\n\n\n<p>Le travail de monsieur nous am\u00e8ne ici. C\u2019est notre 2\u00e8me exp\u00e9rience \u00e0 l\u2019\u00e9tranger. La premi\u00e8re nous a emmen\u00e9 \u00e0 vivre pendant 3 ans en Norv\u00e8ge \u00e0 \u00c5lesund, de 2017 \u00e0 2020.<\/p>\n\n\n\n<p>Apr\u00e8s 4 ans en France, plus pr\u00e9cis\u00e9ment en Bretagne, nous voil\u00e0 repartis\u2026cette fois-ci en Asie, au Vietnam.<\/p>\n\n\n\n<p>J&rsquo;essaierai de partager ici notre aventure&#8230;<\/p>\n<\/div><\/div>\n\n\n\n<p><\/p>\n","protected":false},"excerpt":{"rendered":"<p>Bonjour, nous sommes arriv\u00e9s en famille \u00e0 Saigon\/Ho Chi Minh City fin ao\u00fbt avec nos 3 enfants. Le travail de monsieur nous am\u00e8ne ici. C\u2019est &hellip; <\/p>\n","protected":false},"author":1,"featured_media":0,"parent":0,"menu_order":0,"comment_status":"closed","ping_status":"closed","template":"","meta":{"footnotes":""},"class_list":["post-2","page","type-page","status-publish","hentry"],"_links":{"self":[{"href":"https:\/\/concarneau-saigon.com\/index.php?rest_route=\/wp\/v2\/pages\/2","targetHints":{"allow":["GET"]}}],"collection":[{"href":"https:\/\/concarneau-saigon.com\/index.php?rest_route=\/wp\/v2\/pages"}],"about":[{"href":"https:\/\/concarneau-saigon.com\/index.php?rest_route=\/wp\/v2\/types\/page"}],"author":[{"embeddable":true,"href":"https:\/\/concarneau-saigon.com\/index.php?rest_route=\/wp\/v2\/users\/1"}],"replies":[{"embeddable":true,"href":"https:\/\/concarneau-saigon.com\/index.php?rest_route=%2Fwp%2Fv2%2Fcomments&post=2"}],"version-history":[{"count":1,"href":"https:\/\/concarneau-saigon.com\/index.php?rest_route=\/wp\/v2\/pages\/2\/revisions"}],"predecessor-version":[{"id":10,"href":"https:\/\/concarneau-saigon.com\/index.php?rest_route=\/wp\/v2\/pages\/2\/revisions\/10"}],"wp:attachment":[{"href":"https:\/\/concarneau-saigon.com\/index.php?rest_route=%2Fwp%2Fv2%2Fmedia&parent=2"}],"curies":[{"name":"wp","href":"https:\/\/api.w.org\/{rel}","templated":true}]}}